5 + 6*q**2 - 3*q - q - 3*q. List the prime factors of d(4).
3, 19
Suppose 0 = 4*l - 4 + 20. What are the prime factors of (-2)/((-8)/l)*-71?
71
Suppose -5*s - o + 933 = 3*o, 2*s = 2*o + 366. Let i = -2 - -7. Suppose 0*k + s = i*k. What are the prime factors of k?
37
Let l be (72/(-10) - 0)*10/(-3). Suppose -21*u = -l*u + 504. List the prime factors of u.
2, 3, 7
Let i = 12 + -8. Suppose i*l - 6*l = -12. Let n(z) = -z**2 + 9*z - 1. List the prime factors of n(l).
17
Let r(y) = y**2 - 6*y + 7. Let w be r(5). Let f be (3 - w)/(1/19). Let v = -9 + f. What are the prime factors of v?
2, 5
Suppose 0 = p - 4*i + 4, 3*p - i - 14 = -p. Suppose -p*y - 15 = -3, -3*y - 414 = -5*f. Let b = f - 44. List the prime factors of b.
37
Let g be -1 - 1*(0 + -3). Suppose 7*y - g*y = 380. List the prime factors of y.
2, 19
Suppose 0 = 2*a + 5*c - 17, 4*a = -0*a + 3*c + 47. Suppose a*y = 9*y + 24. Suppose 4*f = -y, 4*f - 104 = -2*o + 2*f. What are the prime factors of o?
5, 11
Suppose 3*d = -3*q + 1 + 1364, 4*q - 4*d = 1796. What are the prime factors of q?
2, 113
Let j(u) = -u**3 - 9*u**2 + u + 3. Let r = 8 - 17. Let s be j(r). Let f = s + 15. What are the prime factors of f?
3
Let k(p) = -p**3 + 3*p**2 + 6*p + 3. Let x be k(4). Let b = 55 + x. What are the prime factors of b?
2, 3, 11
Suppose 0 = s + r - 321 - 918, 3*r = 5*s - 6235. What are the prime factors of s?
2, 311
Let k = -318 - -809. What are the prime factors of k?
491
Let k = 34 + -32. Suppose -12 = i + k*i, u - i - 30 = 0. What are the prime factors of u?
2, 13
Let m = 3290 + -338. What are the prime factors of m?
2, 3, 41
Let f(i) = 394*i - 203*i - 196*i + 159. List the prime factors of f(0).
3, 53
Let n(a) = -10*a - 2. Let k be n(-5). Let f = k - 6. Let w = -27 + f. What are the prime factors of w?
3, 5
Let p(g) be the second derivative of -7*g**3/2 - g**2/2 + 31*g. List the prime factors of p(-8).
167
Suppose 0 = -3145*k + 3152*k - 5173. List the prime factors of k.
739
What are the prime factors of 455*(684/76 - (-1 - -4))?
2, 3, 5, 7, 13
Suppose 7*x - 2*x = 1885. List the prime factors of x.
13, 29
Let c(j) = -176*j + 2. List the prime factors of c(-1).
2, 89
Suppose 5*l - 1037 = 4*s, l - 3*s + 8*s - 190 = 0. Let v = l + 51. What are the prime factors of v?
2
Suppose -3*y = -4 - 8. Suppose -y*q + 8 = -4*b - 0*b, b + 3*q - 18 = 0. Suppose b*n - 68 = -g, -16 = -0*n - n + g. What are the prime factors of n?
3, 7
Let k(p) = p**3 + 13*p**2 - 4*p + 8. Let v be k(-5). Suppose -2*o + v = -4*h, 0 = -5*o - 2*h + 153 + 369. What are the prime factors of o?
2, 53
Let s(m) = 7*m - 1. Let z(w) = w**3 - 8*w**2 + 4*w - 25. Let l be z(8). List the prime factors of s(l).
2, 3
Suppose 3*m - 2*m = 547. What are the prime factors of m?
547
Suppose 0 = -105*u + 108*u - 1395. List the prime factors of u.
3, 5, 31
Suppose 2*k = r + 6341, -5*r - 269 + 16129 = 5*k. List the prime factors of k.
3, 7, 151
Let f = -28 + 31. Suppose -5*y + 15 = -f*b, 8*y - 15 = 3*y + 5*b. Suppose -h = 3*g + y, -5*g + 9 = -0*h + 4*h. List the prime factors of h.
2, 3
Let p(q) = -26*q - 6. Let d be p(-14). Suppose -3*j + 410 = 5*u, -2*j - d = -3*u - 112. What are the prime factors of u?
2, 41
Let w be 3/9 - (-3404)/12. Let g = w - 161. Let d = -84 + g. List the prime factors of d.
3, 13
Let b be 4/3*-3 - (81 + 1). Let m = 123 + b. What are the prime factors of m?
37
Let f = 32 - 30. Suppose 0 = -f*c - 6*j + 2*j + 150, 2*j = -3*c + 217. What are the prime factors of c?
71
Let g(w) = -9*w**3 - 5*w**2 - 9*w + 2. Let o be g(-4). Suppose o = 17*j - 14*j. List the prime factors of j.
2, 89
Let f(d) = -14*d - 10. Let m be f(-5). Suppose -5*r - s = -404, -s - m = -r + 4*s. List the prime factors of r.
2, 5
Let l be ((-14)/6 + 4)*-69. Let u = l + 240. List the prime factors of u.
5
Suppose -5*t = 0, 4*x - 5*t = x. Let a(s) = -4*s + 5 + 7*s**2 + x + 1 - s**3. List the prime factors of a(6).
2, 3
Suppose 3*c = -c - 8, 0 = 4*m - 4*c. Let o be 28/m - (-4 + 4). Let y = 20 + o. What are the prime factors of y?
2, 3
List the prime factors of (-19)/4*47/((-611)/12012).
3, 7, 11, 19
Suppose -5*b = 3*d - 10302, -3*b - 33*d + 6186 = -36*d. What are the prime factors of b?
3, 229
Let j(z) = z**2 + 7*z - 16. Let v be j(-9). Suppose -v*a - 268 = -4*l, 3*l - a - 206 = 3*a. List the prime factors of l.
2, 3, 11
What are the prime factors of 0/70 - 6060/(-3)?
2, 5, 101
Let t(n) = -n**2 + 12. Suppose 4*v = -0*v. Let g be t(v). Suppose -4*a + 180 = -g. What are the prime factors of a?
2, 3
Suppose 20*u - 12579 = -u. List the prime factors of u.
599
Let b = 903 - 600. Suppose 0 = -4*v + o + b, -v - 4*o + 213 = 2*v. List the prime factors of v.
3, 5
Let j(o) = o**2 - 19*o + 9. Let u be j(16). Let s = -1 - u. What are the prime factors of s?
2, 19
Suppose 7*m + 13 = 104. Suppose 0 = 3*w - 2*w - 12. Suppose w = v - m. What are the prime factors of v?
5
Let r be 2/(-3) + 1/(-3). Let u be -11 - -39 - (1 + r). Suppose -2*f + 3*z + 10 = 0, 3*f = -f + 2*z + u. List the prime factors of f.
2
Let j(g) = 4*g - 48 + 69 - 3*g - g**3 + 77 - g**2. What are the prime factors of j(0)?
2, 7
Let b(t) = -2 + 3*t**2 - 2*t**2 - 6*t + 8. Let g be b(6). What are the prime factors of 3/6 - (-9)/g?
2
Let f be 4 + 5/(10/512). Suppose 4*q - f = -q. Suppose 2*i = -0*i + q. List the prime factors of i.
2, 13
Suppose 6*o = 18 + 6. Suppose 0 = -5*j - s + 422, -o*s + 119 + 39 = 2*j. List the prime factors of j.
5, 17
Suppose 4*g + 32 = 2*f, 5*g = 4*f - 22 - 15. Let i(l) = -6*l - 13. What are the prime factors of i(g)?
41
Suppose 5*z = 4*f - 5304, 0*z = -3*f - 5*z + 4013. What are the prime factors of f?
11
Let l(d) = -d**2 - 5*d. Let w be l(-4). Suppose 0 = -w*a - 3*a + 119. List the prime factors of a.
17
Let x(a) = 23*a**3 - a**2 + 2*a - 1. Let f(k) = -k**2 + 2*k + 1. Let p be f(2). What are the prime factors of x(p)?
23
Suppose 0 = -3*t + 2*g + 7565, -t + 4*g = 4*t - 12605. What are the prime factors of t?
5, 101
List the prime factors of (-126)/(0 - 4 - 198/(-55)).
3, 5, 7
Let w(p) = p**3 - 5*p**2 - 3*p - 7. Let n be w(6). Suppose 5*u = -2*d - 17, 3*u - 4*u = 4*d - n. Suppose -42 + 134 = d*s. What are the prime factors of s?
23
Suppose -153*z + 145*z = -13488. List the prime factors of z.
2, 3, 281
Suppose 6 - 2 = -4*m. List the prime factors of (-91 + 0)/(-2 - m).
7, 13
Let d(j) = j**2. Suppose q = -0 - 2. Let l be d(q). Suppose k + 2*k - l*v - 44 = 0, 3*k + 3*v = 30. List the prime factors of k.
2, 3
Let u(v) = -266*v + 236. List the prime factors of u(-5).
2, 3, 29
Let i(w) = -w**2 + 7*w - 15. Let u be i(8). Let p = u - -17. What are the prime factors of 3/(p/(-17))*2?
17
Suppose -4*u + 12*u = 4216. What are the prime factors of u?
17, 31
Suppose -2*f + 8 + 2 = 0. Suppose 0 = -f*w + 389 + 821. What are the prime factors of w?
2, 11
Suppose -866 = 3*c - 4553. What are the prime factors of c?
1229
Suppose 8490 = 5*l - 5*x, -3*x + 8514 = 6*l - l. List the prime factors of l.
3, 7
Let a be (-8)/14 - 390/(-21). Let n = 25 - a. Suppose 53 = 2*d + 5*z, 0 = -3*d + n*z - 2*z + 142. What are the prime factors of d?
3, 13
Let r = -19 + 21. Let c = r + 2. Suppose c*a - 2 = 10. List the prime factors of a.
3
Suppose 5*b - 11*b = -5970. Suppose 0 = -4*o + 3*n + b, 164 = 2*o - n - 335. List the prime factors of o.
251
Let o be ((-70)/21)/(2/(-3)). Suppose o*s = 18 + 2. Suppose 3*x - 11 = -2*w + 13, 0 = s*w - 4*x - 28. List the prime factors of w.
3
Let m be ((-114)/(-9))/(2/3). Suppose -l = -0*l - m. Let v = l + -9. What are the prime factors of v?
2, 5
Suppose 2*w + 4*z + 165 = 791, 614 = 2*w + z. What are the prime factors of 1/2 - w*1/(-2)?
3, 17
Let n = 62 - 58. Suppose n*c = -p + 6, -5*c - 155 = -5*p - 0*c. What are the prime factors of p?
2, 13
Suppose 0 = -2*s + 2 + 4. Suppose -3*l + s = 81. What are the prime factors of (-2928)/(-104) - (-4)/l?
2, 7
Let x(k) = -3*k**2 + 2. Let j be x(-2). Let i be (1 - -1) + 2 + j. List the prime factors of i*2*3/(-18).
2
Suppose -5*i - 5 = 0, -31 = 5*r - i + 13. List the prime factors of (-169)/r + 2/(-9)*-1.
19
Let t(r) = 8*r - 12. Let u be t(10). Suppose 101 + u = c. What are the prime factors of c/5 - (-6)/30?
2, 17
What are the prime factors of (112/21)/(2/177)?
2, 59
Suppose 0 = 4*p + 3*p - 1253. Let y = 259 - p. What are the prime factors of y?
2, 5
Let s be -3 